he units digit of d?
4
Suppose -j - 5 + 8 = 0. Let t = -25 - -25. Suppose o + t*w - w = 12, -j*o - 4 = 5*w. What is the units digit of o?
7
What is the thousands digit of 72203130/1485 - (-4)/11?
8
Let z(q) = -q**2 + 4*q - 17. Let p be z(9). Let w = p + 374. What is the units digit of w?
2
Let i(q) be the second derivative of -14*q + 7/2*q**2 + 0 + 1/12*q**4 + 1/6*q**3. What is the units digit of i(-12)?
9
Suppose -32*a + 15*a + 187 = 0. What is the hundreds digit of (-6)/a + 6518/11?
5
Let c(h) be the first derivative of -16*h**2 - 26*h + 107. What is the units digit of c(-7)?
8
Let n be ((-22)/44)/(2/(-588)). Let f = 357 - n. What is the hundreds digit of f?
2
Let y = 12818 - 8121. What is the tens digit of y?
9
Let j = -397 - -397. Suppose -a - 3*s + 34 = 0, -5*a - 2*s + 128 = -94. Suppose j = -2*n + 3*n - a. What is the units digit of n?
6
What is the hundreds digit of (-43770966)/(-2010) + (4/10 - 2)?
7
Suppose -7439 + 40127 = 48*x. Suppose -f + 506 = o - 171, f - x = o. What is the units digit of f?
9
Suppose 20*l - 2*l - 149997 - 818709 = 0. What is the thousands digit of l?
3
Let y(q) be the first derivative of 15*q**2/2 + 3*q - 13. Let c be y(-8). Let i = c - -169. What is the units digit of i?
2
Let z(s) = -s - 4. Let p be z(-7). Suppose v + p = -0. What is the tens digit of (6*4/(-16))/(v/62)?
3
Suppose -4*m + 128*c - 130*c + 14474 = 0, -4*c - 4 = 0. What is the tens digit of m?
1
Let z(i) = -i**3 + 9*i + 12560. What is the units digit of z(0)?
0
Let o(g) be the first derivative of 8*g**3/3 + 88*g - 52. What is the tens digit of o(8)?
0
Suppose -2*w - 220 = -44. Let k = w - -85. What is the tens digit of (3 - (-4)/(-1))/(k/303)?
0
Suppose -88263 = 19*k - 258256. What is the units digit of k?
7
Let x = 227 + -213. Suppose g - x*g + 4329 = 0. What is the hundreds digit of g?
3
Suppose -g - 14299 = -4*f, 8287 = 2*f + 5*g + 1132. What is the tens digit of f?
7
Suppose 20291*v - 697760 = 20251*v. What is the units digit of v?
4
Let k be (-9)/162*2 - (-73)/9. What is the tens digit of k/(-20) - (1 + (-612)/30)?
1
Suppose n + 5*r + 147 = 0, n + r - 51 = -190. Let o be 4/8 - n/2. Suppose -192 = -72*z + o*z. What is the tens digit of z?
6
Let c(f) = -7*f + 32. Let p be c(4). Suppose z - 5 = 0, 89 = -2*t - p*z + 391. What is the units digit of t?
1
What is the tens digit of 4 + (69175/5 - 2)?
3
Suppose 2*a = -66*j + 62*j + 12978, -3*a - 6477 = -2*j. What is the thousands digit of j?
3
Suppose i + l + 1543 = 3*i, -l + 3840 = 5*i. What is the units digit of i - 8/((-32)/(-28))?
2
Let t = -124 + 129. Suppose -2*v + 4 = -l + 21, -t*l + 5*v + 95 = 0. What is the units digit of 3 - 14/l*6/4?
2
Suppose 0 = 3*o - 2*m + 128, 4*o - 4*m + 92 + 84 = 0. Let j = o - -43. Suppose -k = j*r - 27 - 11, 4*k = -r + 20. What is the tens digit of r?
1
What is the units digit of ((-884)/(-2312) - 4/(-34))*96984/2?
6
Let n = 942 + 6245. What is the tens digit of n?
8
Suppose 14*g = 26*g + 18360. What is the tens digit of 0 - g - -3*(-15)/(-9)?
3
Let m be (-92048)/(-12) + ((-114)/(-18) - 5). Suppose 0 = 3*g - 17*g + m. What is the units digit of g?
8
Suppose 0 = 3*t + 3*r - 24, -2*r = -5*r - 12. Let p(k) = 3*k**2 + 12*k - 21. What is the hundreds digit of p(t)?
5
Let p = 8690 + -2817. What is the thousands digit of p?
5
Let g = 1 - -12. Suppose 20 = 11*y - g*y. What is the units digit of ((-122)/y)/((-4)/(-20))?
1
Let h = 243 - 239. Suppose 294 = 2*c + h*i, 3*i - 576 = -4*c + i. What is the units digit of c?
3
Let k be (-6)/(-4)*2 + 122521/161. Suppose -3*f = 2*w - 379, -4*w + 3*f + k = 7*f. What is the tens digit of w?
9
Let v(j) = -j**3 - 108*j**2 - 110*j + 878. What is the tens digit of v(-109)?
4
Let b(d) = -372*d**2 + 2*d + 70779. What is the hundreds digit of b(0)?
7
Let z(v) be the third derivative of -v**4/6 - v**3/2 + 6*v**2. Let t be z(-2). Suppose 0 = -t*y + 245 - 35. What is the tens digit of y?
4
Let b be (51/(-119))/((-2)/14). What is the tens digit of -8 + 329 + b + -3?
2
Let t(u) = u**2 + 2*u - 24. Let g be t(-6). Let d be (g/(-6))/(0 - -1). Suppose -18*w + 15*w + 186 = d. What is the units digit of w?
2
Suppose -2*u + u = -4, 3*a + 3*u = 30. Suppose 0 = a*p + 3663 - 9477. What is the hundreds digit of p?
9
Suppose -4*j = -14 + 10. What is the units digit of (j - 2)*6556/(-11)?
6
What is the tens digit of ((-330)/(-20))/11 + (-414402)/(-12)?
3
Let n(l) = 3*l**2 - 60*l + 40. Let a be n(35). Suppose a = 5*k - 5*u - 3965, 0 = 3*k + u - 3364. What is the hundreds digit of k?
1
Suppose 0 = -88*c - 21738 + 104106. What is the hundreds digit of c?
9
Let m(b) = 3*b**3 + 18*b**2 - 42*b + 107. What is the tens digit of m(16)?
3
Let k = -504 - -378. Suppose -2*b = 3*i - 25, 2*b + 4*i - 3 - 19 = 0. Let n = b - k. What is the hundreds digit of n?
1
Suppose 2*t = -u + 78106, -423*t = -419*t - 5*u - 156212. What is the hundreds digit of t?
0
Suppose -16*l = 9838 + 6530. What is the tens digit of (16/(-12))/(-4) + l/(-9)?
1
Let i(b) = -5385*b - 4. What is the ten thousands digit of i(-4)?
2
Suppose 33730 = z - 3*f, -z - 229*f + 231*f = -33736. What is the units digit of z?
8
What is the units digit of ((-3426)/(-5))/(-3*32/(-720))?
9
Let x(c) = c**2 - 17*c - 79. Let w be x(21). Suppose -5*u + 9512 = 3*p + 3822, -2*p = -w*u - 3785. What is the hundreds digit of p?
8
Let h = 48 + -101. Let s = h + 165. What is the tens digit of s?
1
Let s(n) = 2*n**3 - 3*n**2 + n - 4. Let q be s(2). What is the hundreds digit of 138 - (6 + (-2)/q)?
1
Suppose 658 = -3*a - 4*x, -a + 2*x + 44 = 260. Let h = a + 283. What is the units digit of h?
5
Let m(d) = -369*d - 3582. What is the hundreds digit of m(-94)?
1
Let j(w) = 24*w**2 - 1. Suppose -g + y + 3*y + 17 = 0, -4*y - 101 = -5*g. Suppose 8*i = g - 5. What is the tens digit of j(i)?
9
Suppose -2*m + 7 - 77 = 0. What is the units digit of 946 + 2*(4 + m/10)?
7
Suppose -2*f = -f - 3*t + 72, -5*t = 0. Let i = f + 128. Suppose -c + 3*q + i = 4*c, -c + 14 = -2*q. What is the units digit of c?
0
Let b(i) = 15*i**3 + 11*i**2 - 40*i + 26. What is the thousands digit of b(6)?
3
Let c(m) = 9*m**3 + 31*m**2 + 3*m + 43. Let u(o) = -5*o**3 - 16*o**2 - 2*o - 22. Let b(k) = -3*c(k) - 5*u(k). What is the hundreds digit of b(-11)?
0
Let b(o) be the third derivative of -23*o**4/12 + 19*o**3/2 - 2*o**2 + 2*o. What is the hundreds digit of b(-5)?
2
Let d = -7930 + 11865. What is the hundreds digit of d?
9
Let h(g) = -19*g + 52. Let p be h(19). Let x = 56 - p. What is the tens digit of x?
6
Let c = 0 - -4. Suppose -c*m = -2*m - 0*m. Suppose -4*j + h + 400 - 64 = m, -4*j + 320 = -5*h. What is the units digit of j?
5
Let w(l) = -6*l + 40. Let s be w(0). Suppose -n = -s - 48. What is the tens digit of n?
8
Let l be (0 + -16)*(-5)/20. Suppose 1146 = 4*u - y, -6 - l = 5*y. What is the tens digit of u?
8
Let k(c) = -29*c + 599. Suppose 2 = -2*h + d, 0 = 4*d + 37 - 45. What is the tens digit of k(h)?
9
What is the hundreds digit of (16 - 6028/374) + 327322/34?
6
Let t(r) = 6*r + 92*r**2 + 93*r**2 - 186*r**2 - 6. Let w be t(3). Suppose -5*b + 5*h + 465 = 0, -6*h + 309 = 3*b - w*h. What is the tens digit of b?
9
Let u be -1 - ((-1)/3 + (-870)/(-45)). What is the tens digit of 1/(-2) + (-65)/u*202?
5
Suppose -4*o + 5*o + 12 = 0. Let c(q) = -2*q - 21. What is the units digit of c(o)?
3
Let y = -13 - -24. What is the hundreds digit of -3 + (y - 4) - -160?
1
Let j(h) be the second derivative of 3*h**4/4 - 11*h**3/6 - 3*h**2 + 2*h. Let r be j(-6). Suppose 8*x = 2*x + r. What is the units digit of x?
4
Suppose -21888 - 4776 = -22*h. Let i = h - 226. What is the hundreds digit of i?
9
Let g(z) = -z**3 + 20*z**2 + 10*z - 20. Let q be g(19). Let d = q - 353. Suppose 0*r - 174 = -5*r + w, 0 = 5*r + 3*w - d. What is the units digit of r?
5
Let n = 2118 - 549. What is the hundreds digit of n?
5
Let b be (2 + 108/(-20) - 1)*5. Let t(p) = -p**3 - 22*p**2 - 6*p + 49. What is the units digit of t(b)?
1
What is the thousands digit of (-723625)/(-95) - (-74)/(-703)?
7
Suppose 4*w = 12, -4*w = 3*u - 28692 + 7257. What is the units digit of u?
1
Suppose 20 = 28*u - 18*u. What is the units digit of ((-176)/(-24))/(u/3)?
1
Suppose -5*a + 4*a - 28 = -v, -28 = -v + 5*a. Let j = v - 26. Suppose -3*g + 3*r = -138, j*g = 3*r + 96 - 0. What is the units digit of g?
2
Suppose -6*t + 2*t 